e 14?
3846a6
Convert -51106642 (base 7) to base 13.
-b5c6b4
Convert -2b736 (base 15) to base 3.
-21010001020
-7674888 (base 10) to base 7
-122143524
-68645 (base 14) to base 9
-425882
Convert -1012120211121122 (base 3) to base 2.
-1000010000011111111010100
818726 (base 11) to base 13
37046c
1402b0a (base 12) to base 10
3986362
Convert -220220111202012 (base 3) to base 2.
-110010011111101100000110
What is 2212002120 (base 3) in base 9?
85076
120300302 (base 4) to base 16
18c32
What is 11110011111000100110001 (base 2) in base 8?
36370461
What is 41bb1 (base 16) in base 8?
1015661
Convert -152064 (base 9) to base 14.
-26054
Convert -a097ab (base 16) to base 15.
-dcd5e2
Convert -2463135 (base 7) to base 8.
-1155124
100002210132 (base 4) to base 15
580d20
What is e4ff7 (base 16) in base 13?
26ac1c
1233311122 (base 5) to base 16
2e2b7b
What is 11832 (base 11) in base 13?
795a
556c57 (base 13) to base 15
29bd87
-228002 (base 9) to base 15
-2a91e
Convert -30241121 (base 5) to base 3.
-110100201121
What is -370303 (base 10) in base 11?
-23323a
Convert 1385026 (base 10) to base 4.
11102021002
What is 41541151 (base 6) in base 10?
1210747
What is 5170 (base 13) in base 9?
16374
70d0a (base 16) to base 10
462090
What is -4a7a9b2 (base 12) in base 3?
-1000110120002222
Convert -150332516 (base 7) to base 8.
-45730134
What is -1100001100110111000 (base 2) in base 8?
-1414670
-132000220 (base 4) to base 10
-122920
-11222211312 (base 4) to base 7
-15423645
-3ebf5c (base 16) to base 5
-2023042340
What is -30659a (base 11) in base 10?
-491853
Convert -3121231201 (base 4) to base 13.
-252b7a
Convert -b46890 (base 13) to base 8.
-20044576
-49508d (base 14) to base 11
-1465513
What is -13089c0 (base 13) in base 7?
-101441631
2164433 (base 7) to base 6
5425115
What is 1005531 (base 6) in base 15?
e30a
31841 (base 13) to base 15
1b6c5
27a2d (base 14) to base 12
488a1
1001100001101110101000 (base 2) to base 13
6959a5
Convert -1f50ed (base 16) to base 5.
-1011133313
4624125 (base 7) to base 6
20214240
What is 77aab5 (base 12) in base 3?
10120211022102
What is 214012411 (base 6) in base 14?
718cd1
What is -4631641 (base 7) in base 16?
-8d6eb
What is 2547316 (base 10) in base 4?
21231321310
What is -16531145 (base 7) in base 13?
-449b40
Convert -50d99 (base 14) to base 12.
-94863
-11000101011011010111110 (base 2) to base 9
-13150202
Convert -8101a (base 14) to base 8.
-1135520
-b4613 (base 16) to base 13
-1cb3a6
What is 846315 (base 11) in base 8?
5127111
Convert -25aae (base 16) to base 2.
-100101101010101110
4361767 (base 8) to base 2
100011110001111110111
What is 101543015 (base 6) in base 2?
110110000010111110011
Convert 6ee328 (base 15) to base 3.
100222221000102
What is -cbabbb (base 16) in base 2?
-110010111010101110111011
What is 2321402 (base 6) in base 8?
351452
What is 21111211201 (base 4) in base 14?
47a049
What is 343241 (base 5) in base 10?
12321
What is -2011001002222 (base 3) in base 9?
-2131088
Convert 5cc04b (base 16) to base 6.
334141215
Convert -54304b (base 13) to base 15.
-290d43
-1011011010010001000 (base 2) to base 12
-160460
What is 2102120022102 (base 3) in base 14?
258469
142242230 (base 6) to base 13
7b0426
What is 18457 (base 10) in base 12?
a821
1100100011110001100 (base 2) to base 11
261210
Convert -44220012 (base 6) to base 2.
-101000011010111101000
What is 1500011 (base 7) in base 8?
611734
Convert 100002100121000 (base 3) to base 5.
2214014303
141115434 (base 6) to base 4
22321112032
What is -1001101110000010001 (base 2) in base 5?
-40142411
What is 2886324 (base 10) in base 7?
33350640
What is 17b487 (base 12) in base 9?
700404
What is 7a588 (base 15) in base 10?
389378
17361775 (base 8) to base 4
33132033331
What is -1095896 (base 10) in base 13?
-2c4a79
What is -146457 (base 9) in base 3?
-11120111221
Convert 11121320030 (base 4) to base 6.
50210512
-2101011100202 (base 3) to base 2
-100110100010100101011
What is 1654288 (base 11) in base 7?
32641024
What is -481872 (base 9) in base 12?
-11ba92
69cb06 (base 13) to base 4
21211202030
Convert -139a509 (base 11) to base 7.
-26255162
-14719cb (base 13) to base 11
-3750459
Convert 12230333223 (base 4) to base 5.
422212123
What is 2655032 (base 12) in base 10?
7577318
What is 12462 (base 13) in base 16?
83af
What is -10000001001111110 (base 2) in base 4?
-100021332
What is -102746 (base 14) in base 15?
-ab616
-1918c9 (base 14) to base 16
-d8cf9
1422301453 (base 6) to base 3
1012212201112120
204a8 (base 14) to base 7
442501
10014122 (base 5) to base 6
1411023
1990b57 (base 13) to base 12
29a4b96
What is -b8951 (base 12) in base 7?
-2032156
1110110011100010010010 (base 2) to base 13
a5b718
-313810 (base 9) to base 8
-554270
Convert -11102000212112 (base 3) to base 4.
-20330000000
-58039 (base 15) to base 6
-10001043
What is -2b22a (base 15) in base 5?
-13420430
Convert -3222102 (base 6) to base 12.
-77932
What is 419741 (base 13) in base 5?
343102432
-10010000111000010 (base 2) to base 6
-1331230
Convert -10104344222 (base 5) to base 13.
-2172b75
Convert 20101111201 (base 3) to base 15.
273dd
Convert -187363 (base 14) to base 15.
-121490
22324032 (base 5) to base 3
101002111010
Convert -124031224 (base 5) to base 12.
-255a13
What is 401835 (base 9) in base 4?
322000211
Convert -11313232233 (base 4) to base 11.
-9612a3
What is 23143 (base 14) in base 13?
2cab0
What is -448303 (base 9) in base 15?
-54863
Convert 2053053 (base 6) to base 4.
120201321
1301200444 (base 5) to base 12
107921b
What is -8791a2 (base 11) in base 5?
-324344412
493a46 (base 13) to base 9
3257276
15a5b (base 12) to base 13
1109c
Convert -101582 (base 10) to base 3.
-12011100022
Convert -28017 (base 12) to base 5.
-3232230
What is -6c60 (base 15) in base 6?
-254400
-2a668b (base 14) to base 5
-334240241
Convert -62246 (base 14) to base 6.
-5022342
Convert -4522424 (base 7) to base 15.
-b1058
-53155 (base 12) to base 3
-12112121202
What is -61b05 (base 13) in base 4?
-222311003
Convert 14042143 (base 6) to base 12.
1a9353
Convert 1641160 (base 9) to base 6.
31322043
32002322 (base 4) to base 2
1110000010111010
What is 100011011100000000 (base 2) in base 11?
9a067
Convert -37337a4 (base 11) to base 14.
-c0d6cd
What is -b8251 (base 14) in base 8?
-1545077
Convert -100000000100001011111110 (base 2) to base 7.
-131306404
Convert 30143024 (base 5) to base 6.
5052525
What is 370a158 (base 13) in base 5?
13334223230
What is 10111010010000000 (base 2) in base 9?
154725
Convert 2457a (base 11) to base 16.
89e2
What is 245606 (base 11) in base 2?
1011110101111010101
-101211220111111 (base 3) to base 15
-78d381
Convert -1325140 (base 11) to base 14.
-438bba
What is -1506235 (base 7) in base 5?
-23010431
What is -35211502 (base 7) in base 10?
-3095479
What is 67460 (base 10) in base 16?
10784
Convert -24527776 (base 8) to base 4.
-110222333332
What is -1104536 (base 7) in base 15?
-2a4d5
Convert 1111011001110101100101 (base 2) to base 13.
ab4c57
Convert 17847 (base 12) to base 14.
c595
What is -75650 (base 10) in base 12?
-37942
Convert -2200534 (base 8) to base 6.
-20352140
What is -2550025 (base 7) in base 4?
-1100321131
-667117 (base 9) to base 13
-10c717
Convert 13123001122 (base 4) to base 2.
111011011000001011010
Convert 30035451 (base 7) to base 3.
11122222121200
What is 6c8edc (base 15) in base 9?
10685870
What is 11011001101022 (base 3) in base 5?
1031034003
What is 1462474 (base 8) in base 6?
12552232
-11023011300 (base 4) to base 12
-554980
Convert -315213011 (base 6) to base 16.
-54fc1f
23567b (base 12) to base 4
2023001333
Convert -8b7424 (base 12) to base 3.
-11012100222101
212331213 (base 4) to base 11
a99a3
What is -34ce35 (base 16) in base 5?
-1341220121
What is 8634627 (base 9) in base 15?
616807
-214342124 (base 5) to base 6
-32004131
11021011120200 (base 3) to base 11
1309164
What is -16a3a2 (base 13) in base 9?
-1051355
95ad60 (base 15) to base 9
14357580
-15310 (base 9) to base 4
-2203122
What is 87506 (base 9) in base 11?
3a63a
-4aa44 (base 12) to base 13
-373b4
What is 2ac41e (base 15) in base 9?
3788542
What is 311951 (base 13) in base 12?
4733a8
1101011000000110 (base 2) to base 11
3818a
Convert -10200010 (base 3) to base 2.
-101001110100
Convert 10110111000101001 (base 2) to base 15.
1cb92
What is 145171